{"id":65,"date":"2018-03-13T08:29:05","date_gmt":"2018-03-13T08:29:05","guid":{"rendered":"http:\/\/bridge180.qodeinteractive.com\/?page_id=65"},"modified":"2024-02-03T19:52:51","modified_gmt":"2024-02-03T18:52:51","slug":"about","status":"publish","type":"page","link":"https:\/\/dariahalak.com\/index.php\/about\/","title":{"rendered":"BIO"},"content":{"rendered":"<p>[vc_row css_animation=&#8221;&#8221; row_type=&#8221;row&#8221; use_row_as_full_screen_section=&#8221;no&#8221; type=&#8221;grid&#8221; angled_section=&#8221;no&#8221; text_align=&#8221;center&#8221; background_image_as_pattern=&#8221;without_pattern&#8221; css=&#8221;.vc_custom_1520930315117{background-image: url(http:\/\/bridge180.qodeinteractive.com\/wp-content\/uploads\/2018\/03\/about-background.jpg?id=66) !important;background-position: center !important;background-repeat: no-repeat !important;background-size: cover !important;}&#8221; z_index=&#8221;&#8221;][vc_column][qode_elements_holder number_of_columns=&#8221;one_column&#8221;][qode_elements_holder_item advanced_animations=&#8221;no&#8221; item_padding=&#8221;143px 29% 25% 29%&#8221; item_padding_480_600=&#8221;143px 2% 49% 2%&#8221; item_padding_480=&#8221;143px 2% 49% 2%&#8221;][vc_empty_space height=&#8221;62px&#8221;][vc_gallery interval=&#8221;3&#8243; images=&#8221;545,555,300,546,554,548,549,553&#8243; img_size=&#8221;large&#8221;][vc_empty_space height=&#8221;44px&#8221;][vc_column_text]Daria Halak prowadzi autorsk\u0105 galeri\u0119 sztuki w Poznaniu, gdzie prezentuje swoje prace oraz organizuje spotkania i rozmowy na temat pozycji artyst\u00f3w i sztuki we sp\u00f3\u0142czesnym \u015bwiecie. Swoje umiej\u0119tno\u015bci rozwija r\u00f3wnie\u017c na uczelni gdzie pisze rozpraw\u0119 doktorsk\u0105 z dziedziny Art &amp; Science,\u00a0 na temat wp\u0142ywu innowacji na sztuk\u0119. Daria otrzyma\u0142a stypendium na badania naukowe, kt\u00f3re kontynuuje w r\u00f3\u017cnych miejscach na \u015bwiecie, mi\u0119dzy innymi w Japonii. Jej celem jest pog\u0142\u0119bianie wiedzy na temat fotografii oraz innych dziedzin sztuki, szukanie nowych \u015brodk\u00f3w wyrazu, eksperymentowanie oraz szerzenie wiedzy na temat sztuki wsp\u00f3\u0142czesnej.[\/vc_column_text][vc_empty_space height=&#8221;49px&#8221;]<a  itemprop=\"url\" href=\"#\" target=\"_self\"  class=\"qbutton  default\" style=\"\">Daria Halak<\/a>[\/qode_elements_holder_item][\/qode_elements_holder][\/vc_column][\/vc_row]<\/p>\n","protected":false},"excerpt":{"rendered":"<p>[vc_row css_animation=&#8221;&#8221; row_type=&#8221;row&#8221; use_row_as_full_screen_section=&#8221;no&#8221; type=&#8221;grid&#8221; angled_section=&#8221;no&#8221; text_align=&#8221;center&#8221; background_image_as_pattern=&#8221;without_pattern&#8221; css=&#8221;.vc_custom_1520930315117{background-image: url(http:\/\/bridge180.qodeinteractive.com\/wp-content\/uploads\/2018\/03\/about-background.jpg?id=66) !important;background-position: center !important;background-repeat: no-repeat !important;background-size: cover !important;}&#8221; z_index=&#8221;&#8221;][vc_column][qode_elements_holder number_of_columns=&#8221;one_column&#8221;][qode_elements_holder_item advanced_animations=&#8221;no&#8221; item_padding=&#8221;143px 29% 25% 29%&#8221; item_padding_480_600=&#8221;143px 2% 49% 2%&#8221; item_padding_480=&#8221;143px 2% 49% 2%&#8221;][vc_empty_space height=&#8221;62px&#8221;][vc_gallery interval=&#8221;3&#8243; images=&#8221;545,555,300,546,554,548,549,553&#8243; img_size=&#8221;large&#8221;][vc_empty_space height=&#8221;44px&#8221;][vc_column_text]Daria Halak prowadzi autorsk\u0105 galeri\u0119 sztuki w Poznaniu, gdzie&#8230;<\/p>\n","protected":false},"author":1,"featured_media":0,"parent":0,"menu_order":0,"comment_status":"closed","ping_status":"closed","template":"full_width.php","meta":{"spay_email":"","footnotes":""},"_links":{"self":[{"href":"https:\/\/dariahalak.com\/index.php\/wp-json\/wp\/v2\/pages\/65"}],"collection":[{"href":"https:\/\/dariahalak.com\/index.php\/wp-json\/wp\/v2\/pages"}],"about":[{"href":"https:\/\/dariahalak.com\/index.php\/wp-json\/wp\/v2\/types\/page"}],"author":[{"embeddable":true,"href":"https:\/\/dariahalak.com\/index.php\/wp-json\/wp\/v2\/users\/1"}],"replies":[{"embeddable":true,"href":"https:\/\/dariahalak.com\/index.php\/wp-json\/wp\/v2\/comments?post=65"}],"version-history":[{"count":26,"href":"https:\/\/dariahalak.com\/index.php\/wp-json\/wp\/v2\/pages\/65\/revisions"}],"predecessor-version":[{"id":571,"href":"https:\/\/dariahalak.com\/index.php\/wp-json\/wp\/v2\/pages\/65\/revisions\/571"}],"wp:attachment":[{"href":"https:\/\/dariahalak.com\/index.php\/wp-json\/wp\/v2\/media?parent=65"}],"curies":[{"name":"wp","href":"https:\/\/api.w.org\/{rel}","templated":true}]}}